derivative of -f**4/24 + 7*f**3/3 - 26*f**2. Calculate the remainder when h(-3) is divided by 10.
7
Let m(l) = -l + 5. Suppose 415 - 539 = -62*n. What is the remainder when n is divided by m(4)?
0
Calculate the remainder when (4/(-26) - 50/13) + 523 is divided by 133.
120
Let s(g) = -g**3 + 19*g**2 + g - 10. Calculate the remainder when 133 is divided by s(19).
7
Suppose l = -2*v + 13 - 4, 0 = -5*v - l + 24. Let j be 1/((-1)/(-7)) + 1. Let u = 22 - j. What is the remainder when u is divided by v?
4
Let n = -180 + 216. Suppose 0 = 3*o - 6*o + 12. Suppose 3*p - k - 59 = o*k, -4*k = 4*p - n. What is the remainder when 22 is divided by p?
9
Suppose 7*q + 12*q - 342 = 0. What is the remainder when 662 is divided by q?
14
Let c = -6 - -7. Suppose 2*g - c = 3. What is the remainder when 7 is divided by g?
1
Let m(d) = 4*d**2 + 48*d + 130. What is the remainder when 32 is divided by m(-9)?
10
Suppose 38 = 2*m - 32. Suppose -3 = -3*w + 3. Suppose f + 3*f + 2*r = 44, -4*f + w*r = -28. Calculate the remainder when m is divided by f.
8
Let n(b) = -3*b**2 - 84*b + 20. Calculate the remainder when 75 is divided by n(-28).
15
Suppose 5*s = -o + 246, -4*o + 134 = 2*s + s. Let x = 36 + s. What is the remainder when x is divided by 11?
9
Let x be (-3)/(-15) - (-3558)/10. Let t = -56 + x. What is the remainder when t/16 - (-3)/(-4) is divided by 5?
3
Let d = 49 - 57. Let n(k) = -6*k - 36. Calculate the remainder when 16 is divided by n(d).
4
Let k = 17 - 15. Calculate the remainder when 140 is divided by k.
0
Let h(k) = 6*k - 7. Let m be h(3). Suppose o + m = 32. Calculate the remainder when o is divided by 12.
9
Let p(i) = i**3 + 13*i**2 - 18*i - 20. Let n be p(-14). Suppose 3*x + n = 132. What is the remainder when x is divided by 17?
15
Let z = 35 - 17. Suppose l - 3*m - 2*m - 9 = 0, -l = 4*m + z. Let t = l + 51. Calculate the remainder when t is divided by 16.
13
Suppose j + 40 = 2*h - j, 5*j = -5*h + 90. Let z = 139 + -71. Calculate the remainder when z is divided by h.
11
Suppose 5*n - 12 = -n. Suppose 29 = n*l + 3. Calculate the remainder when 38 is divided by l.
12
Let a(l) = l**2 + 12*l + 20. Let v be a(-10). What is the remainder when 52 is divided by (1 + 1)*(11/2 + v)?
8
Let h = 124 - 183. Let n = h - -88. What is the remainder when 113 is divided by n?
26
Let p(h) = -3*h**2 + 12*h + 4*h**2 - 2*h**2 + 1. Let g be p(12). Suppose -b = -g - 5. Calculate the remainder when b is divided by 3.
0
Let a(h) = h - 2. Suppose 6*y = -12*y + 252. Calculate the remainder when y is divided by a(9).
0
Suppose 543 + 357 = 20*j. What is the remainder when j is divided by 10?
5
Suppose k + k - 20 = 0. Suppose -4*n = -j - 107, 5*n - 3*n = j + 55. Suppose 2*h = n + 26. Calculate the remainder when h is divided by k.
6
Let t be (-1)/(-3) - 948/(-18). Suppose 2*b - t = 19. Suppose b = 6*l - 2*l. What is the remainder when 17 is divided by l?
8
Suppose 8 = 3*h - 1. Calculate the remainder when 92 is divided by -2 + (111/h - 4).
30
Let v be 24/(-64) + 838/16. Suppose -3*a - 449 = -5*l, l - v = -2*a + 30. Let s = -55 + 85. What is the remainder when l is divided by s?
28
Let s(f) = -f**2 - 6*f + 2. Let j(z) = z**3 + 2*z**2 - 4*z. Let g be j(2). Suppose -2*q - 2*q + g = 0. What is the remainder when s(-5) is divided by q?
1
Suppose 12 = 7*p - 3*p. Suppose p*u = -2*k + 44, -5*u + 76 = 3*k - k. What is the remainder when 61 is divided by u?
13
Let m(d) = 3*d**2 - d - 2. Let n(b) = b**2 + 5*b - 4. Let c be n(-6). Let l = 24 + -2. What is the remainder when l is divided by m(c)?
6
Suppose 2*r = 3 + 17. Suppose -3*f + 5*q = -251, -5*q + 439 - 81 = 4*f. Calculate the remainder when f is divided by r.
7
Let w be (-8 - -10) + 16 + 0. Let c = 30 - w. Let f(x) = 2*x**2 - 2*x - 2. Calculate the remainder when f(-3) is divided by c.
10
Let p be (5244/16)/(1/4). Let j = p + -2371. What is the remainder when (j/8)/(-5)*2 is divided by 14?
11
Let q = 56 - 17. Let a(z) be the second derivative of z**4/4 - z**3/3 - z**2 - z. Calculate the remainder when q is divided by a(-2).
11
Suppose 0 = -3*p - s + 3*s + 196, -s + 67 = p. Calculate the remainder when 723 is divided by p.
63
Suppose -3*a + 276 = 5*c, 6*a - a = 10. Suppose -c = 142*o - 145*o. Calculate the remainder when o is divided by 10.
8
Let w(i) = -2*i**3 - 5*i**2 - 3*i - 1. Suppose 2*v = 2 + 4. Suppose -3*l - 24 = v*x - 3, 5*x + l + 19 = 0. What is the remainder when w(x) is divided by 4?
1
Suppose 4*m - 2*h + 0*h = 1768, -m = 3*h - 449. Calculate the remainder when m is divided by 144.
11
Let l = -928 + 953. Calculate the remainder when 136 is divided by l.
11
Let i(q) = q**3 - 5*q**2 - 2*q + 38. What is the remainder when i(6) is divided by 13?
10
Suppose -x + 28 = 5*i, 3*x - 7*x = 3*i - 44. Calculate the remainder when 35 is divided by x.
3
Let j = 355 - 297. Calculate the remainder when j is divided by ((-30)/8)/(3/(-12)).
13
Suppose -207 = -11*d + 8*d. Suppose 4*t - 49 = -2*x - x, -68 = -4*x - 4*t. Calculate the remainder when d is divided by x.
12
Calculate the remainder when 22 is divided by (-32)/(0 + 4 + -6).
6
Suppose 0 = 5*p - 4*l - 169, 0 = -4*p - 5*l + 69 + 99. Let n be 4/(-18) + (6520/45)/4. Let j = -26 + n. What is the remainder when p is divided by j?
7
Let m be (4 - 2) + (-8 - -4)/(-2). Suppose -2*u = 2*g + 2, -g - u + 1 = g. Suppose 0 = -g*v + m*v - 20. What is the remainder when v is divided by 6?
4
Calculate the remainder when 6/16 + (-3 - (-3892)/32) is divided by 50.
19
Calculate the remainder when 153 is divided by (-5)/(160/8)*-124.
29
Suppose 5*g = 3*u + 187, 4*g + 6*u = 3*u + 155. Calculate the remainder when g is divided by 10.
8
Let r(p) = p**2 + 4*p + 4. Let h be r(6). Suppose -3*a = 5*t - h, -4*t - a = 3*a - 56. Calculate the remainder when 19 is divided by t.
8
Suppose 5*g - 100 = 3*r, 2*g - 45 = -2*r - 21. What is the remainder when 968 is divided by g?
16
Let l(a) = 4*a - 74. Let z be (-18 + 23 - (4 + 0))*24. What is the remainder when (-1*2)/((-4)/130) is divided by l(z)?
21
Let l be (19 + 5)*(-30)/8. Let s = 27 + l. What is the remainder when 27/s + 356/14 is divided by 14?
11
Let t(a) = a**2 - 3*a - 7. Let c be t(-4). Suppose o - c + 11 = 0. Calculate the remainder when 45 is divided by o.
5
Let g = -566 - -591. What is the remainder when 110 is divided by g?
10
Suppose 6*u + 2646 = 20*u. What is the remainder when u is divided by 67?
55
Let a(k) = 2*k**2 + k + 62. What is the remainder when a(0) is divided by 36?
26
Suppose 5*v = 2*w - 101, 2*w + 5*v = -51 + 122. What is the remainder when w is divided by 16?
11
Suppose 0 = -4*i + 148 + 128. Let m = -39 - -57. What is the remainder when i is divided by m?
15
Suppose 215 + 433 = 8*w. What is the remainder when w is divided by 41?
40
Suppose -3*v + 2*w + 121 = 0, 3*v + 2*v = -w + 206. Let a = v - -1. Suppose -4*l - y = -59, -2*l = 4*y - y - 27. What is the remainder when a is divided by l?
12
Suppose 0 = -4*d + d + 3. Let x(g) = 13*g**2 + g - 1. Let i be x(d). Suppose -5*w = i - 173. What is the remainder when w is divided by 17?
15
What is the remainder when (-252)/(-72)*(-544)/(-14) is divided by 71?
65
Suppose -5*c + 163 = -12. What is the remainder when c is divided by 14?
7
Let o(u) = 2*u + 2*u - u + 15. Let c be o(-5). Suppose 4*m - 8*m + 44 = c. What is the remainder when 32 is divided by m?
10
Let q(j) = 105*j**2 - 11*j - 10. What is the remainder when q(-1) is divided by 59?
47
Let r(g) = -2*g - 4 - 4*g + 1 - g. What is the remainder when r(-16) is divided by 28?
25
What is the remainder when 51 is divided by (0 + -7 - -19) + 4/1?
3
Suppose -5*b + 2*q = -4*b - 58, -5*b + 290 = 4*q. Let j = 132 - b. What is the remainder when j is divided by 21?
11
Let k = -146 + 137. Calculate the remainder when k*(-2)/2 - (12 + -9) is divided by 4.
2
Suppose 8 = 2*s - 4*s. Calculate the remainder when 64 is divided by (-2 - (s + 24))*(-2 - -1).
20
Suppose -4*a + 28 = -12. Let i = 54 + -5. What is the remainder when i is divided by a?
9
Let r = 77 + -47. Calculate the remainder when (-4 + -26)/3*(-11)/2 is divided by r.
25
Let y(q) = -16*q + 42. Let x be y(-12). Calculate the remainder when 24 is divided by (-1 + 6/1)*x/90.
11
Let z(d) = 37*d + 2. Let h(o) = -4*o - 3. Let i be h(-1). What is the remainder when z(i) is divided by 20?
19
Let l = 19 - 21. L